tors of 1141778325?
3, 5, 59, 163, 1583
What are the prime factors of 42795217?
157, 272581
What are the prime factors of 89285695?
5, 71, 163, 1543
List the prime factors of 447676283.
17, 37, 711727
What are the prime factors of 417626273?
53, 7879741
List the prime factors of 3235479346.
2, 11, 2837, 51839
List the prime factors of 1138917791.
11, 67, 1545343
List the prime factors of 2562063829.
13, 17, 163, 5471
What are the prime factors of 136388035?
5, 7, 3896801
List the prime factors of 720073999.
3121, 230719
List the prime factors of 1185950932.
2, 23, 887, 14533
What are the prime factors of 173059261?
103, 167, 10061
What are the prime factors of 90918173?
19, 2003, 2389
What are the prime factors of 22780317?
3, 7, 1084777
What are the prime factors of 246981892?
2, 61745473
What are the prime factors of 61889197?
17, 37, 61, 1613
List the prime factors of 1486364607.
3, 7, 13, 73, 8287
List the prime factors of 80298525.
3, 5, 31, 34537
What are the prime factors of 75569509?
2203, 34303
List the prime factors of 3515609548.
2, 11, 107, 677, 1103
What are the prime factors of 237745853?
61, 181, 353
What are the prime factors of 223904276?
2, 55976069
What are the prime factors of 1974102427?
11, 73, 2458409
What are the prime factors of 1219100611?
43, 28351177
What are the prime factors of 798120063?
3, 13, 17, 41, 9787
What are the prime factors of 2294320195?
5, 67, 6848717
What are the prime factors of 8324747198?
2, 173, 24059963
What are the prime factors of 225583449?
3, 7, 13, 826313
List the prime factors of 67143076.
2, 7, 11, 13, 41, 409
List the prime factors of 125562372.
2, 3, 13, 499, 1613
What are the prime factors of 82289065?
5, 67, 245639
List the prime factors of 1615728779.
7, 41, 383, 14699
List the prime factors of 30432645.
3, 5, 225427
List the prime factors of 15251693.
15251693
List the prime factors of 28672142.
2, 43, 333397
List the prime factors of 405115465.
5, 41, 1976173
What are the prime factors of 3227150558?
2, 151, 239, 44711
What are the prime factors of 574088525?
5, 103, 222947
What are the prime factors of 1189568659?
17, 69974627
What are the prime factors of 49563913?
7, 19, 372661
List the prime factors of 3886970036.
2, 43, 1423, 15881
List the prime factors of 44890916.
2, 7, 37, 43331
What are the prime factors of 105575846?
2, 197, 267959
List the prime factors of 614833323.
3, 13, 31, 39119
What are the prime factors of 50770973?
11, 1877, 2459
List the prime factors of 5451025257.
3, 605669473
List the prime factors of 11935751.
17, 461, 1523
List the prime factors of 22108747.
709, 31183
List the prime factors of 20671584.
2, 3, 215329
List the prime factors of 383602877.
7, 137, 269, 1487
List the prime factors of 5575902685.
5, 1115180537
What are the prime factors of 1939735?
5, 7, 157, 353
List the prime factors of 107072195.
5, 131, 163469
List the prime factors of 302244608.
2, 1180643
What are the prime factors of 1117378262?
2, 7, 11, 13, 71, 1123
List the prime factors of 298774334.
2, 37, 479, 8429
What are the prime factors of 13886323?
11, 10433
What are the prime factors of 2513277022?
2, 19, 23, 37, 77719
What are the prime factors of 1224569877?
3, 408189959
List the prime factors of 1096317499.
19, 3821, 15101
What are the prime factors of 2148202347?
3, 29, 2971, 8311
What are the prime factors of 269787890?
2, 5, 577, 46757
What are the prime factors of 2868379018?
2, 1434189509
What are the prime factors of 1017588356?
2, 23, 37, 233, 1283
List the prime factors of 6466235251.
7, 923747893
List the prime factors of 13997548.
2, 61, 57367
List the prime factors of 68557643.
7, 11, 19, 46861
What are the prime factors of 4083035336?
2, 601, 849217
List the prime factors of 65639520.
2, 3, 5, 79, 577
What are the prime factors of 88170754?
2, 7, 19, 109, 3041
List the prime factors of 930795681.
3, 310265227
List the prime factors of 9802982.
2, 7, 17, 41189
What are the prime factors of 1002846256?
2, 1949, 32159
List the prime factors of 306417269.
43, 7125983
What are the prime factors of 7432183998?
2, 3, 17, 2698687
List the prime factors of 38786483.
38786483
What are the prime factors of 209265526?
2, 47, 2226229
List the prime factors of 293403587.
11159, 26293
What are the prime factors of 33340766?
2, 47, 354689
List the prime factors of 34361228.
2, 11, 383, 2039
List the prime factors of 78606980.
2, 5, 17, 231197
What are the prime factors of 18086497?
11, 13, 79, 1601
List the prime factors of 70189827.
3, 41, 570649
List the prime factors of 1078081545.
3, 5, 71872103
List the prime factors of 251193259.
37, 433, 15679
List the prime factors of 68572801.
11, 661, 9431
What are the prime factors of 2719745773?
29, 7927, 11831
What are the prime factors of 87821506?
2, 239, 269, 683
List the prime factors of 126859600.
2, 5, 7, 45307
List the prime factors of 628838524.
2, 101, 1051, 1481
What are the prime factors of 107587570?
2, 5, 10758757
What are the prime factors of 339171467?
15391, 22037
List the prime factors of 1180345.
5, 236069
What are the prime factors of 21785336?
2, 2723167
What are the prime factors of 85586073?
3, 28528691
What are the prime factors of 28957716?
2, 3, 53, 5059
List the prime factors of 1599565428.
2, 3, 17, 43, 20261
What are the prime factors of 23774288?
2, 271, 5483
What are the prime factors of 1663496170?
2, 5, 7, 19, 1250749
List the prime factors of 386754054.
2, 3, 64459009
What are the prime factors of 77747904?
2, 3, 13, 3461
What are the prime factors of 44201187?
3, 709, 2309
List the prime factors of 2663884556.
2, 17737, 37547
What are the prime factors of 605443518?
2, 3, 79, 347, 409
What are the prime factors of 28400706?
2, 3, 19, 9227
What are the prime factors of 59732691?
3, 31, 157, 4091
What are the prime factors of 25698562?
2, 12849281
List the prime factors of 574665083.
2789, 206047
List the prime factors of 610143618.
2, 3, 7, 19, 764591
What are the prime factors of 104021749?
13, 79, 101287
What are the prime factors of 152645410?
2, 5, 503, 30347
List the prime factors of 2545067696.
2, 159066731
List the prime factors of 2091882365.
5, 418376473
List the prime factors of 175684557.
3, 23, 97, 26249
List the prime factors of 125616635.
5, 2689, 9343
What are the prime factors of 47100186?
2, 3, 7, 37, 10103
What are the prime factors of 101815555?
5, 89, 228799
List the prime factors of 156228302.
2, 2719, 28729
What are the prime factors of 104244887?
19, 288767
What are the prime factors of 384442721?
13, 2274809
List the prime factors of 2347365547.
2347365547
List the prime factors of 3438966690.
2, 3, 5, 38210741
List the prime factors of 137655028.
2, 7, 97, 50683
List the prime factors of 257424738.
2, 3, 739, 58057
List the prime factors of 201094386.
2, 3, 97, 167, 2069
List the prime factors of 436031014.
2, 37, 5892311
What are the prime factors of 2125747043?
7, 9041, 33589
List the prime factors of 228588477.
3, 13, 17, 73, 4723
What are the prime factors of 87466996?
2, 31, 449, 1571
What are the prime factors of 951424423?
951424423
What are the prime factors of 124934518?
2, 1031, 60589
What are the prime factors of 517139537?
1783, 290039
What are the prime factors of 666990343?
29, 4493, 5119
What are the prime factors of 1614053979?
3, 677, 88301
List the prime factors of 86600003.
7, 29, 60943
What are the prime factors of 1326278843?
1326278843
List the prime factors of 7643721.
3, 1429, 1783
What are the prime factors of 10797486?
2, 3, 7, 31, 8293
List the prime factors of 365499737.
227, 1610131
What are the prime factors of 124902460?
2, 5, 6245123
List the prime factors of 154957593.
3, 7, 1409, 5237
List the prime factors of 117248458.
2, 59, 229, 4339
List the prime factors of 926161442.
2, 2221, 208501
List the prime factors of 74169787.
19, 3903673
What are the prime factors of 2323087736?
2, 163, 1781509
List the prime factors of 179315694.
2, 3, 17, 65111
List the prime factors of 2824722.
2, 3, 23, 6823
List the prime factors of 636786201.
3, 212262067
What are the prime factors of 23725185?
3, 5, 11, 53, 2713
List the prime factors of 2371980486.
2, 3, 61, 191, 33931
What are the prime factors of 113808810?
2, 3, 5, 3793627
List the prime fac